115*l + 2 - 2. Let g(h) = -h**2 - 19*h - 2. Calculate g(l).
-2
Let g(m) = -m**2 + 5*m - 5. Suppose a = 4, 6*x - 10 = 4*x + a. Determine g(x).
-19
Let z be -2 + 6 + 20/(-4) + -3. Let n(d) be the second derivative of -d**4/12 - 4*d**3/3 - 5*d**2/2 - 22*d - 1. Determine n(z).
11
Let z(m) = -m**3 - 2*m**2 + m - 6. Suppose -21*u = -7 + 70. Let w be z(u). Let q(t) = t**2 - 9. Give q(w).
-9
Let g(f) be the second derivative of 1/3*f**3 + 4 - 10*f + f**2. Determine g(2).
6
Let w(j) = j + 12. Let c(o) = -o**3 + 5*o**2 + 6*o + 8. Let a be c(7). Let i = 48 + a. Let t be 2 - 12 - (i + -4). Determine w(t).
6
Let n(z) = 3*z**2 + 5 + 9 + 2*z - 16 - z**3. Let s = -80 - -82. Calculate n(s).
6
Let b(l) = 2*l + 3. Let z be 3 + (114/(-9))/((-5)/15). Let s = 44 - z. Suppose 11 = s*t - 2*a, -a - 5 - 5 = -3*t. Give b(t).
9
Suppose 0 = -2*o + 5*j - 28 + 21, -4*o = -2*j + 22. Let a(p) = 6*p**2 + 33*p + 4. Determine a(o).
22
Let d(p) be the third derivative of -p**5/60 - p**4/24 - 31*p**3/3 + 615*p**2. What is d(0)?
-62
Let l(a) = a + a**2 - 4*a**3 + a**3 - 1 - 5*a**3. Suppose -5*r + 855 = 50*g, 56 = 5*r + 2*g + g. What is l(r)?
-7
Let p(y) = 23*y**3 - 24*y**2 + 23*y - 4. Let v(k) = -57*k**3 + 50*k**2 - 45*k + 9. Let g(s) = 5*p(s) + 2*v(s). Calculate g(19).
112
Suppose -3627 + 3755 = -16*l. Let c(r) = r**2 + 2*r - 36. What is c(l)?
12
Let v(b) = 50*b - 5. Suppose -1452*i = -1438*i - 28. Determine v(i).
95
Let b(o) = o**2 - 9*o + 7 - 40 - 2*o**2 + 12 + 13. Give b(-8).
0
Let t(q) be the third derivative of q**5/60 + q**4/4 - q**3/2 - 2*q**2. Let v = -36 + 41. Suppose 0 - v = k. Give t(k).
-8
Let v(f) = 16*f**2 - 7*f + 5. Let u(s) = -s**3 - s**2 + 201*s + 127. Let k be u(14). Calculate v(k).
14
Let c(d) = 4*d**2 + 2*d - 3. Suppose 0 = 7*a + 42, x - 4*x + 0*x - a = 0. Give c(x).
17
Let k = 8903 - 8910. Let y(b) = b**3 + 8*b**2 - 9*b - 11. What is y(k)?
101
Let i(f) = -f - 8. Let o(v) be the third derivative of -v**6/60 + v**5/60 + v**4/4 - 7*v**3/6 + 9*v**2 + 3*v. Let q be o(2). Determine i(q).
-1
Let x(g) = 1647*g**2 - 1646*g**2 - 9*g - 6 - 10 + 8*g - 13*g. What is x(14)?
-16
Let u(c) = -975 - 764 - 864 + 2812 + 7*c. Calculate u(-32).
-15
Let j(o) be the second derivative of o**7/2520 - o**6/180 - o**5/120 + 49*o**4/4 + 186*o. Let p(c) be the third derivative of j(c). Determine p(-3).
20
Let s(o) = -o - 3. Let u(q) = q**2 - 8*q + 15. Let b be u(6). Suppose v = b*w + 6*v - 14, 0 = 3*w - 4*v - 32. Determine s(w).
-11
Let n(u) = -u**3 - 30*u**2 + 101*u + 48. Let x be n(-33). Let o(y) = 2*y**2 + 37*y + 24. Calculate o(x).
6
Let g = 0 - -2. Suppose 4*h - 2*h = -k - g, -3*h = -4*k - 19. Let d(f) = 4*f**3 - 3*f**3 - 14 - 7 + 3*f**2 + 23 + f**2. Calculate d(k).
2
Let l = -7 - -9. Let r(v) = -3*v + 5. Let o(b) = -1. Let f(g) = l*o(g) - r(g). Let n = -986 - -991. What is f(n)?
8
Suppose 0 = -p + 5*p + 16. Let u(o) be the second derivative of 2*o**2 - 1/3*o**3 + 0 - 66*o. Determine u(p).
12
Let l(f) = -2170*f + 24 - 8 + 2129*f. Calculate l(1).
-25
Let b(n) = -32*n**2 + 142*n - 67. Let u be b(4). Let z(x) = -x**2 - 12*x - 27. Determine z(u).
-16
Suppose -228 = -4*c + 80. Suppose -29*h - 280 = -c. Let m(o) = o**2 + 8*o - 3. Give m(h).
-10
Let v(d) = 2*d + 25. Let h = 14569 + -14579. What is v(h)?
5
Suppose a - 2*v = -8, -2*a = v + 7 - 16. Let d(o) = 2*o**2 - 6*o + 17. Give d(a).
13
Let l(u) = 2*u - 209. Let w(a) = -2*a + 303. Let i(o) = 6*l(o) + 4*w(o). Give i(21).
42
Let x = -240 - -249. Let t(j) = 0*j + 10*j - 4*j - x*j. What is t(3)?
-9
Let b(k) = k**2 - 4*k - 3. Let w(j) = j**2 - 4 + j + j - 5*j + 2*j. Let v be w(5). Let h be v/6*(-21)/(-14). Calculate b(h).
-3
Let u(a) be the third derivative of -a**6/60 + a**5/30 - a**4/8 - 5*a**3/6 - 1550*a**2. Calculate u(0).
-5
Let o(c) = -2*c**2 - 10*c + 1. Let z(i) = 17*i - 109. Let n be z(6). Give o(n).
-27
Let a(r) be the first derivative of -r**3 + 2*r**2 - r - 21. Let d be a(1). Suppose d = -3*s + 4*k + 22, -s + 4*s - 10 = k. Let x(f) = -8*f. Determine x(s).
-16
Let w(n) be the second derivative of 3*n**3/2 + 99*n**2 + 4803*n. Give w(-22).
0
Let o be 1473/(-7) - (-27)/63. Let i be 23/(-7) - (o/49 + 4). Let z(c) = -5*c - 1. Calculate z(i).
14
Let p(d) = d - 12. Suppose 31*k - 35*k + 152 = 0. Let c(f) = 3*f**3 + f**2 + 2*f + 1. Let n be c(2). Let o = k - n. Calculate p(o).
-7
Let p(c) be the second derivative of -c**4/12 - 2*c**3/3 + 9*c**2/2 + 14*c + 92. Give p(-4).
9
Let o(t) be the third derivative of -t**5/60 + 13*t**4/12 - 127*t**3/6 - 2*t**2 - t + 404. What is o(7)?
6
Let c(f) = -7*f + 161. Let u(q) = 3*q**2 - 17*q - 34. Let k be u(8). Give c(k).
7
Let g = 5170 + -5166. Let a(q) be the third derivative of 0*q**5 + 0*q + 0*q**g + 1/6*q**3 + 11*q**2 + 0 + 1/24*q**6. Give a(1).
6
Let k(u) = 3*u + 3. Let b be k(-3). Let n be (2 + 4 + b)/(-3). Let v(t) = 1 + n + 2*t - t**2 + 6*t. What is v(8)?
1
Let h be (21/(-35))/((-21)/175). Let b(d) = 705*d - 5*d**2 - 1430*d + d**3 + h - 8*d**2 + 710*d. Determine b(14).
-9
Let p(m) = 3*m. Let k be ((-22)/(-40) + 7/28)*10. Suppose 0 = 9*d - k - 19. Give p(d).
9
Let m(b) = -b**2 + 8*b - 9. Suppose 5*a = a - 5*h - 5, 3*a + 4*h + 4 = 0. Suppose a = 4*v - 2*v - 18. Give m(v).
-18
Let j(x) = -x - 6. Let l = -42 - -40. Let b be 10 - (l + 3 + -2). Suppose -b = -5*w - 41. What is j(w)?
0
Let n(l) = -10*l - 23. Let z(v) = -17*v - 39. Let j(o) = 10*n(o) - 6*z(o). Give j(-6).
-8
Let s(i) = -i + 32. Let x(u) = -3*u**3 + 55*u**2 - 62*u - 97. Let b be x(17). Calculate s(b).
27
Let k be 29/148 - 502/(-9287). Let w(t) be the first derivative of 2*t**2 + 17 - 4*t + k*t**4 - 5/3*t**3. What is w(4)?
-4
Let a(n) = -22*n**2 + 18*n - 3. Let c(j) = -21*j**2 + 14*j - 2. Let y(l) = 3*a(l) - 4*c(l). Give y(-1).
19
Let p(f) = 5 + 0*f**2 - 2 + f**2. Let g(r) = r**3 + 9*r**2 + 12*r + 34. Let t be g(-8). Suppose 0 = -t*j - 4*j. Give p(j).
3
Let z(y) = 19 - 20 - 519*y - 51 + 515*y. What is z(-16)?
12
Let l(f) = 9*f**3 + 4*f**2. Let p(c) be the first derivative of -5*c**4/4 - c**3 - 12. Let h(n) = 3*l(n) + 5*p(n). Give h(2).
4
Let n(g) = -369 + 738 - 14*g - 366. Suppose -3*v + 23 = 4*p, 9*p - 4*v + 10 = 4*p. Calculate n(p).
-25
Suppose 14*u - 2*u = 24. Let z be -3 + -1*(u - 8). Let t(j) be the third derivative of -j**4/8 - j**3/6 + 3*j**2. Calculate t(z).
-10
Let v(o) = 2*o**2 + 6*o - 17. Let m be (-14)/(210/(-75)) - 2. Determine v(m).
19
Let l(u) = -u**2 - 8*u - 2. Let a be (-1)/4 - (-357)/(-12). Let k be a/(-75) + (3/5 - -1). Suppose 0 = -k*q + 1 - 13. What is l(q)?
10
Let t(j) = 29 - j**2 + 19 + 45*j + 5 - 61 + 17. Calculate t(44).
53
Let z = 3430 + -3427. Let l(w) = 30*w - 4. What is l(z)?
86
Suppose 16929*g - 57 = 16948*g. Let f(y) = y - 47. Give f(g).
-50
Suppose 6 = 3*a - 2*a. Suppose 0*l + a = 3*l. Let q(h) = 2*h**2 + 4*h**2 - 2 - l - 5*h**2. Calculate q(4).
12
Suppose -550 = -10*g - 210. Suppose -g*c + 26 + 314 = 0. Let w(y) = y**3 - 10*y**2 + 6. Determine w(c).
6
Let a(t) = -12*t - 110. Let h(r) = -73*r - 654. Let z(k) = 34*a(k) - 6*h(k). Determine z(-6).
4
Let c(s) = -s**3 - 30*s**2 + 31*s - 5. Let a be c(-31). Let n = 28 + -26. Let v(x) = -3*x**2 - 3*x**n + x - x**3 + 4 + x**2. Give v(a).
-1
Let m(n) = n**3 + 5*n**2 - 3*n + 12. Let o(s) = 4*s**3 - 13*s**2 + 11*s - 30. Let y be o(3). Determine m(y).
-6
Let z be 16/84*-3 - (7254/(-91))/(-18). Let i(q) = -q**2 - q + 2. Give i(z).
-18
Let b(x) = -x**3 + 6*x**2 - 8*x + 6. Let f be b(4). Suppose 2*o - q = -f, o + 3*q = 2*q + 3. Let y(g) = 9*g. What is y(o)?
-9
Let d be (0 + 2/2)*-1. Let h = -553 - -567. Let j(r) = 0 + h*r - 14*r + 4*r - 1 + 2. Give j(d).
-3
Let z(b) = 32 + 51 + 53 - 182 + 45 + 140*b**2. Give z(1).
139
Suppose 5*w + 3*j - 1 = 7*w, -w + 2*j = 0. Let q be (w - 6/(-4))/(3/(-78)). Let u(s) = -s + 10. Determine u(q).
-3
Let j(c) = -332*c - 2324. Let t be j(-7). Let l(y) = 2*y**2 + y - 5. What is l(t)?
-5
Let z(r) = -9*r**3 + 10*r**2 - 6*r - 25. Let n(h) = 11*h**3 - 11*h**2 + 7*h + 24. Let i(c) = 4*n(c) + 5*z(c). Let k be i(4). Let v(j) = 4*j + 11. What is v(k)?
-9
Let v(j) = -5*j**2 + 51*j - 7. Let o be v(10). Let t(q) be the third derivative of q**4/8 + q**3/2 + 10*q**2. Give t(o).
12
Let c(m) = -12*m + 22. Let t be c(1). Suppose l + t = -h, 17 - 8 = -3*h. Let z(f) = f**2 + 6*f - 12. Determine z(l).
-5
Let d = -6976 - -6980. Let z(a) be the first derivative of